{"id":18,"date":"2019-08-02T17:38:29","date_gmt":"2019-08-02T17:38:29","guid":{"rendered":"https:\/\/www.villamorpousada.com.br\/novo\/?page_id=18"},"modified":"2025-09-18T18:42:45","modified_gmt":"2025-09-18T18:42:45","slug":"regras","status":"publish","type":"page","link":"https:\/\/www.villamorpousada.com.br\/site\/regras\/","title":{"rendered":"Regras"},"content":{"rendered":"<p>&nbsp;<\/p>\n<p><strong>NOSSAS PRINCIPAIS REGRAS<\/strong>:<\/p>\n<p>\u2022 NOSSOS FUNCION\u00c1RIOS S\u00c3O TREINADOS PARA OFERECER O MELHOR ATENDIMENTO DENTRO DE SUAS FUN\u00c7\u00d5ES. \u00c9 PROIBIDO QUALQUER TIPO DE ASS\u00c9DIO OU PROPOSTA PESSOAL.<br \/>\n\u2022 \u00c9 PROIBIDO PORTAR OU FAZER USO DE QUAISQUER DROGAS IL\u00cdCITAS, NAS DEPEND\u00caNCIAS DO HOTEL.<br \/>\n\u2022 \u00c9 RIGOROSAMENTE PROIBIDA A ENTRADA DE MENORES DE 18 ANOS.<br \/>\n\u2022 A NUDEZ \u00c9 OBRIGAT\u00d3RIA EM TODAS AS NOSSAS \u00c1REAS DE BANHO E TAMB\u00c9M INDICADA PARA OS LOCAIS DE CIRCULA\u00c7\u00c3O DO HOTEL. RESTRINGINDO-SE APENAS EM NOSSA RECEP\u00c7\u00c3O E RESTAURANTE.<br \/>\n\u2022 \u00c9 EXPRESSAMENTE PROIBIDO O USO DE M\u00c1QUINAS FOTOGR\u00c1FICAS, CELULARES OU QUALQUER OUTRO TIPO DE APARELHO QUE POSSA CAPTAR IMAGENS OU GRAVAR NAS \u00c1REAS COMUNS DO HOTEL.<br \/>\n\u2022 N\u00c3O PERMITIMOS A ENTRADA DE ANIMAIS DE ESTIMA\u00c7\u00c3O.<br \/>\n\u2022 O HOTEL VILLAMOR PRIME N\u00c3O SE RESPONSABILIZA POR OBJETOS DE VALOR DEIXADOS NO INTERIOR DOS APARTAMENTOS OU ESQUECIDOS NAS \u00c1REAS COMUNS. CASO NECESS\u00c1RIO, RECOMENDA-SE ENTREG\u00c1-LOS \u00c0 GER\u00caNCIA PARA GUARDA SEGURA.<br \/>\n\u2022 LEMBRE-SE: TUDO \u00c9 PERMITIDO, MAS NADA \u00c9 OBRIGAT\u00d3RIO. RESPEITE SEMPRE O LIMITE DOS OUTROS H\u00d3SPEDES E EVITE CONSTRANGIMENTOS.<\/p>\n<p><img fetchpriority=\"high\" decoding=\"async\" class=\"alignnone size-full wp-image-7407\" src=\"https:\/\/www.villamorpousada.com.br\/site\/wp-content\/uploads\/2025\/09\/LAYOUT-STORIES-.jpg\" alt=\"\" width=\"1080\" height=\"1920\" srcset=\"https:\/\/www.villamorpousada.com.br\/site\/wp-content\/uploads\/2025\/09\/LAYOUT-STORIES-.jpg 1080w, https:\/\/www.villamorpousada.com.br\/site\/wp-content\/uploads\/2025\/09\/LAYOUT-STORIES--169x300.jpg 169w, https:\/\/www.villamorpousada.com.br\/site\/wp-content\/uploads\/2025\/09\/LAYOUT-STORIES--576x1024.jpg 576w, https:\/\/www.villamorpousada.com.br\/site\/wp-content\/uploads\/2025\/09\/LAYOUT-STORIES--768x1365.jpg 768w, https:\/\/www.villamorpousada.com.br\/site\/wp-content\/uploads\/2025\/09\/LAYOUT-STORIES--864x1536.jpg 864w\" sizes=\"(max-width: 1080px) 100vw, 1080px\" \/><\/p>\n<p>&nbsp;<\/p>\n","protected":false},"excerpt":{"rendered":"<p>&nbsp; NOSSAS PRINCIPAIS REGRAS: \u2022 NOSSOS FUNCION\u00c1RIOS S\u00c3O TREINADOS PARA OFERECER O MELHOR ATENDIMENTO DENTRO DE SUAS FUN\u00c7\u00d5ES. \u00c9 PROIBIDO QUALQUER TIPO DE ASS\u00c9DIO OU PROPOSTA PESSOAL. \u2022 \u00c9 PROIBIDO PORTAR OU FAZER USO DE QUAISQUER DROGAS IL\u00cdCITAS, NAS DEPEND\u00caNCIAS DO HOTEL. \u2022 \u00c9 RIGOROSAMENTE PROIBIDA A ENTRADA DE MENORES DE 18 ANOS. \u2022 A [&hellip;]<\/p>\n","protected":false},"author":1,"featured_media":0,"parent":0,"menu_order":0,"comment_status":"closed","ping_status":"closed","template":"","meta":{"_acf_changed":false,"footnotes":""},"class_list":["post-18","page","type-page","status-publish","hentry"],"acf":[],"yoast_head":"<!-- This site is optimized with the Yoast SEO plugin v27.3 - https:\/\/yoast.com\/product\/yoast-seo-wordpress\/ -->\n<title>Regras - Hotel Villamor Prime, Nudista &amp; Liberal.<\/title>\n<meta name=\"robots\" content=\"index, follow, max-snippet:-1, max-image-preview:large, max-video-preview:-1\" \/>\n<link rel=\"canonical\" href=\"https:\/\/www.villamorpousada.com.br\/site\/regras\/\" \/>\n<meta property=\"og:locale\" content=\"pt_BR\" \/>\n<meta property=\"og:type\" content=\"article\" \/>\n<meta property=\"og:title\" content=\"Regras - Hotel Villamor Prime, Nudista &amp; Liberal.\" \/>\n<meta property=\"og:description\" content=\"&nbsp; NOSSAS PRINCIPAIS REGRAS: \u2022 NOSSOS FUNCION\u00c1RIOS S\u00c3O TREINADOS PARA OFERECER O MELHOR ATENDIMENTO DENTRO DE SUAS FUN\u00c7\u00d5ES. \u00c9 PROIBIDO QUALQUER TIPO DE ASS\u00c9DIO OU PROPOSTA PESSOAL. \u2022 \u00c9 PROIBIDO PORTAR OU FAZER USO DE QUAISQUER DROGAS IL\u00cdCITAS, NAS DEPEND\u00caNCIAS DO HOTEL. \u2022 \u00c9 RIGOROSAMENTE PROIBIDA A ENTRADA DE MENORES DE 18 ANOS. \u2022 A [&hellip;]\" \/>\n<meta property=\"og:url\" content=\"https:\/\/www.villamorpousada.com.br\/site\/regras\/\" \/>\n<meta property=\"og:site_name\" content=\"Hotel Villamor Prime, Nudista &amp; Liberal.\" \/>\n<meta property=\"article:publisher\" content=\"http:\/\/www.facebook.com\/pages\/Pousada-Villamor\/501126423243696\" \/>\n<meta property=\"article:modified_time\" content=\"2025-09-18T18:42:45+00:00\" \/>\n<meta property=\"og:image\" content=\"https:\/\/www.villamorpousada.com.br\/site\/wp-content\/uploads\/2025\/09\/LAYOUT-STORIES-.jpg\" \/>\n\t<meta property=\"og:image:width\" content=\"1080\" \/>\n\t<meta property=\"og:image:height\" content=\"1920\" \/>\n\t<meta property=\"og:image:type\" content=\"image\/jpeg\" \/>\n<meta name=\"twitter:card\" content=\"summary_large_image\" \/>\n<meta name=\"twitter:label1\" content=\"Est. tempo de leitura\" \/>\n\t<meta name=\"twitter:data1\" content=\"2 minutos\" \/>\n<script type=\"application\/ld+json\" class=\"yoast-schema-graph\">{\"@context\":\"https:\\\/\\\/schema.org\",\"@graph\":[{\"@type\":\"WebPage\",\"@id\":\"https:\\\/\\\/www.villamorpousada.com.br\\\/site\\\/regras\\\/\",\"url\":\"https:\\\/\\\/www.villamorpousada.com.br\\\/site\\\/regras\\\/\",\"name\":\"Regras - Hotel Villamor Prime, Nudista &amp; Liberal.\",\"isPartOf\":{\"@id\":\"https:\\\/\\\/www.villamorpousada.com.br\\\/site\\\/#website\"},\"primaryImageOfPage\":{\"@id\":\"https:\\\/\\\/www.villamorpousada.com.br\\\/site\\\/regras\\\/#primaryimage\"},\"image\":{\"@id\":\"https:\\\/\\\/www.villamorpousada.com.br\\\/site\\\/regras\\\/#primaryimage\"},\"thumbnailUrl\":\"https:\\\/\\\/www.villamorpousada.com.br\\\/site\\\/wp-content\\\/uploads\\\/2025\\\/09\\\/LAYOUT-STORIES-.jpg\",\"datePublished\":\"2019-08-02T17:38:29+00:00\",\"dateModified\":\"2025-09-18T18:42:45+00:00\",\"breadcrumb\":{\"@id\":\"https:\\\/\\\/www.villamorpousada.com.br\\\/site\\\/regras\\\/#breadcrumb\"},\"inLanguage\":\"pt-BR\",\"potentialAction\":[{\"@type\":\"ReadAction\",\"target\":[\"https:\\\/\\\/www.villamorpousada.com.br\\\/site\\\/regras\\\/\"]}]},{\"@type\":\"ImageObject\",\"inLanguage\":\"pt-BR\",\"@id\":\"https:\\\/\\\/www.villamorpousada.com.br\\\/site\\\/regras\\\/#primaryimage\",\"url\":\"https:\\\/\\\/www.villamorpousada.com.br\\\/site\\\/wp-content\\\/uploads\\\/2025\\\/09\\\/LAYOUT-STORIES-.jpg\",\"contentUrl\":\"https:\\\/\\\/www.villamorpousada.com.br\\\/site\\\/wp-content\\\/uploads\\\/2025\\\/09\\\/LAYOUT-STORIES-.jpg\",\"width\":1080,\"height\":1920},{\"@type\":\"BreadcrumbList\",\"@id\":\"https:\\\/\\\/www.villamorpousada.com.br\\\/site\\\/regras\\\/#breadcrumb\",\"itemListElement\":[{\"@type\":\"ListItem\",\"position\":1,\"name\":\"In\u00edcio\",\"item\":\"https:\\\/\\\/www.villamorpousada.com.br\\\/site\\\/\"},{\"@type\":\"ListItem\",\"position\":2,\"name\":\"Regras\"}]},{\"@type\":\"WebSite\",\"@id\":\"https:\\\/\\\/www.villamorpousada.com.br\\\/site\\\/#website\",\"url\":\"https:\\\/\\\/www.villamorpousada.com.br\\\/site\\\/\",\"name\":\"Pousada Villamor nudista liberal\",\"description\":\"Hotel Villamor Prime.\",\"publisher\":{\"@id\":\"https:\\\/\\\/www.villamorpousada.com.br\\\/site\\\/#organization\"},\"potentialAction\":[{\"@type\":\"SearchAction\",\"target\":{\"@type\":\"EntryPoint\",\"urlTemplate\":\"https:\\\/\\\/www.villamorpousada.com.br\\\/site\\\/?s={search_term_string}\"},\"query-input\":{\"@type\":\"PropertyValueSpecification\",\"valueRequired\":true,\"valueName\":\"search_term_string\"}}],\"inLanguage\":\"pt-BR\"},{\"@type\":\"Organization\",\"@id\":\"https:\\\/\\\/www.villamorpousada.com.br\\\/site\\\/#organization\",\"name\":\"Pousada Villamor nudista liberal\",\"url\":\"https:\\\/\\\/www.villamorpousada.com.br\\\/site\\\/\",\"logo\":{\"@type\":\"ImageObject\",\"inLanguage\":\"pt-BR\",\"@id\":\"https:\\\/\\\/www.villamorpousada.com.br\\\/site\\\/#\\\/schema\\\/logo\\\/image\\\/\",\"url\":\"https:\\\/\\\/www.villamorpousada.com.br\\\/site\\\/wp-content\\\/uploads\\\/2020\\\/01\\\/logo55.png\",\"contentUrl\":\"https:\\\/\\\/www.villamorpousada.com.br\\\/site\\\/wp-content\\\/uploads\\\/2020\\\/01\\\/logo55.png\",\"width\":154,\"height\":63,\"caption\":\"Pousada Villamor nudista liberal\"},\"image\":{\"@id\":\"https:\\\/\\\/www.villamorpousada.com.br\\\/site\\\/#\\\/schema\\\/logo\\\/image\\\/\"},\"sameAs\":[\"http:\\\/\\\/www.facebook.com\\\/pages\\\/Pousada-Villamor\\\/501126423243696\"]}]}<\/script>\n<!-- \/ Yoast SEO plugin. -->","yoast_head_json":{"title":"Regras - Hotel Villamor Prime, Nudista &amp; Liberal.","robots":{"index":"index","follow":"follow","max-snippet":"max-snippet:-1","max-image-preview":"max-image-preview:large","max-video-preview":"max-video-preview:-1"},"canonical":"https:\/\/www.villamorpousada.com.br\/site\/regras\/","og_locale":"pt_BR","og_type":"article","og_title":"Regras - Hotel Villamor Prime, Nudista &amp; Liberal.","og_description":"&nbsp; NOSSAS PRINCIPAIS REGRAS: \u2022 NOSSOS FUNCION\u00c1RIOS S\u00c3O TREINADOS PARA OFERECER O MELHOR ATENDIMENTO DENTRO DE SUAS FUN\u00c7\u00d5ES. \u00c9 PROIBIDO QUALQUER TIPO DE ASS\u00c9DIO OU PROPOSTA PESSOAL. \u2022 \u00c9 PROIBIDO PORTAR OU FAZER USO DE QUAISQUER DROGAS IL\u00cdCITAS, NAS DEPEND\u00caNCIAS DO HOTEL. \u2022 \u00c9 RIGOROSAMENTE PROIBIDA A ENTRADA DE MENORES DE 18 ANOS. \u2022 A [&hellip;]","og_url":"https:\/\/www.villamorpousada.com.br\/site\/regras\/","og_site_name":"Hotel Villamor Prime, Nudista &amp; Liberal.","article_publisher":"http:\/\/www.facebook.com\/pages\/Pousada-Villamor\/501126423243696","article_modified_time":"2025-09-18T18:42:45+00:00","og_image":[{"width":1080,"height":1920,"url":"https:\/\/www.villamorpousada.com.br\/site\/wp-content\/uploads\/2025\/09\/LAYOUT-STORIES-.jpg","type":"image\/jpeg"}],"twitter_card":"summary_large_image","twitter_misc":{"Est. tempo de leitura":"2 minutos"},"schema":{"@context":"https:\/\/schema.org","@graph":[{"@type":"WebPage","@id":"https:\/\/www.villamorpousada.com.br\/site\/regras\/","url":"https:\/\/www.villamorpousada.com.br\/site\/regras\/","name":"Regras - Hotel Villamor Prime, Nudista &amp; Liberal.","isPartOf":{"@id":"https:\/\/www.villamorpousada.com.br\/site\/#website"},"primaryImageOfPage":{"@id":"https:\/\/www.villamorpousada.com.br\/site\/regras\/#primaryimage"},"image":{"@id":"https:\/\/www.villamorpousada.com.br\/site\/regras\/#primaryimage"},"thumbnailUrl":"https:\/\/www.villamorpousada.com.br\/site\/wp-content\/uploads\/2025\/09\/LAYOUT-STORIES-.jpg","datePublished":"2019-08-02T17:38:29+00:00","dateModified":"2025-09-18T18:42:45+00:00","breadcrumb":{"@id":"https:\/\/www.villamorpousada.com.br\/site\/regras\/#breadcrumb"},"inLanguage":"pt-BR","potentialAction":[{"@type":"ReadAction","target":["https:\/\/www.villamorpousada.com.br\/site\/regras\/"]}]},{"@type":"ImageObject","inLanguage":"pt-BR","@id":"https:\/\/www.villamorpousada.com.br\/site\/regras\/#primaryimage","url":"https:\/\/www.villamorpousada.com.br\/site\/wp-content\/uploads\/2025\/09\/LAYOUT-STORIES-.jpg","contentUrl":"https:\/\/www.villamorpousada.com.br\/site\/wp-content\/uploads\/2025\/09\/LAYOUT-STORIES-.jpg","width":1080,"height":1920},{"@type":"BreadcrumbList","@id":"https:\/\/www.villamorpousada.com.br\/site\/regras\/#breadcrumb","itemListElement":[{"@type":"ListItem","position":1,"name":"In\u00edcio","item":"https:\/\/www.villamorpousada.com.br\/site\/"},{"@type":"ListItem","position":2,"name":"Regras"}]},{"@type":"WebSite","@id":"https:\/\/www.villamorpousada.com.br\/site\/#website","url":"https:\/\/www.villamorpousada.com.br\/site\/","name":"Pousada Villamor nudista liberal","description":"Hotel Villamor Prime.","publisher":{"@id":"https:\/\/www.villamorpousada.com.br\/site\/#organization"},"potentialAction":[{"@type":"SearchAction","target":{"@type":"EntryPoint","urlTemplate":"https:\/\/www.villamorpousada.com.br\/site\/?s={search_term_string}"},"query-input":{"@type":"PropertyValueSpecification","valueRequired":true,"valueName":"search_term_string"}}],"inLanguage":"pt-BR"},{"@type":"Organization","@id":"https:\/\/www.villamorpousada.com.br\/site\/#organization","name":"Pousada Villamor nudista liberal","url":"https:\/\/www.villamorpousada.com.br\/site\/","logo":{"@type":"ImageObject","inLanguage":"pt-BR","@id":"https:\/\/www.villamorpousada.com.br\/site\/#\/schema\/logo\/image\/","url":"https:\/\/www.villamorpousada.com.br\/site\/wp-content\/uploads\/2020\/01\/logo55.png","contentUrl":"https:\/\/www.villamorpousada.com.br\/site\/wp-content\/uploads\/2020\/01\/logo55.png","width":154,"height":63,"caption":"Pousada Villamor nudista liberal"},"image":{"@id":"https:\/\/www.villamorpousada.com.br\/site\/#\/schema\/logo\/image\/"},"sameAs":["http:\/\/www.facebook.com\/pages\/Pousada-Villamor\/501126423243696"]}]}},"_links":{"self":[{"href":"https:\/\/www.villamorpousada.com.br\/site\/wp-json\/wp\/v2\/pages\/18","targetHints":{"allow":["GET"]}}],"collection":[{"href":"https:\/\/www.villamorpousada.com.br\/site\/wp-json\/wp\/v2\/pages"}],"about":[{"href":"https:\/\/www.villamorpousada.com.br\/site\/wp-json\/wp\/v2\/types\/page"}],"author":[{"embeddable":true,"href":"https:\/\/www.villamorpousada.com.br\/site\/wp-json\/wp\/v2\/users\/1"}],"replies":[{"embeddable":true,"href":"https:\/\/www.villamorpousada.com.br\/site\/wp-json\/wp\/v2\/comments?post=18"}],"version-history":[{"count":10,"href":"https:\/\/www.villamorpousada.com.br\/site\/wp-json\/wp\/v2\/pages\/18\/revisions"}],"predecessor-version":[{"id":7408,"href":"https:\/\/www.villamorpousada.com.br\/site\/wp-json\/wp\/v2\/pages\/18\/revisions\/7408"}],"wp:attachment":[{"href":"https:\/\/www.villamorpousada.com.br\/site\/wp-json\/wp\/v2\/media?parent=18"}],"curies":[{"name":"wp","href":"https:\/\/api.w.org\/{rel}","templated":true}]}}